est common divisor of h and 33?
3
Let x be 24*1/2 + (4 - 8). What is the greatest common divisor of 1208 and x?
8
Suppose 3*o = 5*k - 3532, 67*k + 2*o - 1400 = 65*k. Calculate the highest common divisor of 836 and k.
44
Suppose -d + 34 = -5*i, 0 = -70*d + 65*d + 4*i + 191. What is the greatest common divisor of 286 and d?
13
Suppose 5*q - 2*n - 35 = 2*n, 3*q + n - 4 = 0. Suppose 5*a = -4*z + 165, q*a - a = -z + 42. Calculate the greatest common divisor of z and 40.
40
Let w(c) = 348*c**2 + 12*c + 14. Let g be w(-1). What is the highest common divisor of 14 and g?
14
Suppose 204*d + 11180 - 97472 = 0. Let k = 243 - 149. What is the highest common factor of k and d?
47
Let b = 1278 + -322. What is the greatest common divisor of b and 8?
4
Let x be 20/30*(219 - -3). Calculate the greatest common factor of 518 and x.
74
Let p(h) = -11*h**3 + 9*h + 12. Let j be p(-4). Let z = j + -561. What is the highest common divisor of 35 and z?
7
Let f(y) = 57 - 18*y**2 - 4*y**2 + 0*y**2 - y**3 + 2*y - 3*y**2. Let a be f(-25). Suppose -a*t = -9*t + 792. What is the highest common divisor of 36 and t?
36
Let k = 205 + -202. Suppose -f + 2*f = -4*w + 259, 186 = k*w - 2*f. Calculate the highest common factor of 8 and w.
8
Let v be (0 - 9/6)*(3 - (-1540)/(-60)). What is the greatest common divisor of v and 4641?
17
Suppose -1474 = -7*n - 5891. Let v = n + 636. What is the greatest common factor of v and 155?
5
Let q(r) be the third derivative of r**5/12 - 11*r**4/24 + r**3/3 - 44*r**2 + 1. Let k be q(3). What is the highest common factor of 14 and k?
14
Let w be ((-6)/(24/10))/((-1)/2). Suppose 4*i + 138 = 5*z, -w*i = -6 + 16. Let h be ((-39)/z)/((-1)/144). Calculate the highest common divisor of h and 24.
24
Suppose -64 = -4*i + 4*p, 6*p = p - 15. Let f = i + 71. What is the highest common factor of 63 and f?
21
Let p(o) = 12*o**3 + o**2 - 12*o + 11. Let v be p(2). What is the greatest common factor of v and 13?
1
Let d(y) = 337*y**2 - 92*y - 92. Let h be d(-1). What is the highest common divisor of 2 and h?
1
Let z(o) = -o**3 + 28*o**2 - 5*o + 257. Let c be z(28). Suppose 5*k - 45 = 4*y, 6 = -0*k + 2*k - 4*y. What is the greatest common factor of c and k?
13
Let r = 190 + -170. Suppose -2*j + 144 + 176 = 0. Calculate the highest common divisor of r and j.
20
Suppose 19 - 141 = a. Let m = -338 - -276. Let r = m - a. Calculate the greatest common factor of 40 and r.
20
Let s(w) = 5*w**3 + 11*w**2 - 2*w - 53. Let d be s(5). What is the highest common factor of 72 and d?
9
Let u be (-2)/(-7) - 25792/(-35) - 458/2290. Calculate the highest common factor of 22 and u.
11
Suppose 10*j = 23134 - 7964. Calculate the highest common factor of j and 37.
37
Let p = -192 - -191. Let z(t) = -101*t**3 + 4*t**2 - 3. Let i be z(p). Calculate the greatest common factor of 68 and i.
34
Let z = -59 + 102. Suppose -t + 21 = 5*u, -6*u + 23 = -u + 3*t. Suppose -705 = -u*g - 189. What is the greatest common divisor of g and z?
43
Let m(u) = -8*u + 2. Let o be m(-4). Suppose -60789 + 28207 = -360*v + 71458. What is the highest common divisor of o and v?
17
Let j be (3 + -5)/(9/(-12) - -1). Let g be j + 4 - (-15 + (-2)/(-1)). Calculate the greatest common divisor of 72 and g.
9
Suppose -107*j = -106*j + c - 1363, -2*c + 6 = 0. What is the highest common divisor of j and 160?
80
Suppose -2*t + 11*d + 1116 = 0, -5*t + 3*t + 1116 = 2*d. What is the greatest common divisor of t and 744?
186
Let f = 766 - 1400. Let w = f + 686. Calculate the highest common factor of 442 and w.
26
Let k(l) = l + 21. Let i be k(-11). Suppose 257*n - 15236 = -3671. Calculate the greatest common factor of n and i.
5
Let q be (-77 - -79) + 1224 + -2. What is the highest common divisor of 576 and q?
72
Let o be ((-4)/(-12))/((-7)/42). Let b be 4*o*(91/(-14) - -5). Calculate the highest common divisor of b and 108.
12
Let d = 11118 - 476. What is the greatest common factor of d and 34?
34
Let b = 222 + -222. Let l = 2 - -1. Suppose b = -l*h + 11 + 22. Calculate the highest common factor of h and 33.
11
Suppose 0 + 36 = 9*j. Suppose j*v - 183 - 185 = 0. Suppose -v = -l + 172. What is the highest common divisor of l and 33?
33
Let b be (1224/(-27))/(12/270*-3). What is the highest common factor of b and 100?
20
Let o(q) = 5*q - 10. Let j be o(7). Suppose -61 + j = -3*z. Let d = -343 + 571. Calculate the highest common divisor of d and z.
12
Let n = -16893 + 19509. Calculate the highest common factor of n and 48.
24
Suppose -w + 12*w = 22. Suppose -4*q - 4*h + 76 = 0, 7*q - w*q + 3*h - 89 = 0. What is the greatest common factor of 8 and q?
8
Let b = 3598 - 3508. Calculate the highest common factor of 198 and b.
18
Suppose 20*u - 6427 = 13633. Calculate the greatest common factor of u and 236.
59
Suppose 23*y = 21*y + 3*u + 3810, 4 = 2*u. Calculate the highest common divisor of y and 612.
36
Suppose -4*x = -4*k + 8, -x - 226*k = -220*k - 26. Calculate the highest common factor of x and 2762.
2
Let p be 1/(33/6) + 216/22. Let i be (3 + (-11)/5)/(4/p). Suppose -5*c - 8 = i*o, -38 = o - 4*o + 5*c. What is the greatest common divisor of 18 and o?
6
Suppose -404104 = 46*a - 405024. Let j(g) = -g**3 - g**2 + g + 5. Suppose 0*v = v. Let z be j(v). Calculate the highest common divisor of a and z.
5
Let h(t) = -3*t**2 + 131*t + 228. Let m be h(45). What is the highest common factor of m and 216?
24
Let f be (-243 + -7 + 7)*(-2)/6. Let x = 1 + -7. Let c be (-4)/(-6) + (-50)/x. What is the highest common divisor of f and c?
9
Let u = -2132 - -2370. What is the greatest common factor of u and 168?
14
Let k(c) be the second derivative of 3*c**3/2 + 5*c**2 - 14*c. Let q be k(16). Let n = q + -74. Calculate the greatest common divisor of n and 16.
16
Let o(p) be the first derivative of -5*p**2 - 6*p + 2 + 7*p - 22*p. Let q be o(-6). Calculate the highest common factor of 13 and q.
13
Let t be (-5 - (-1270)/60) + (-2)/12. Let l(q) = 11 + 6*q + 0 - 4*q. Let o be l(-5). What is the highest common divisor of o and t?
1
Let q(k) = -9*k. Let b(n) = n**2 - 12*n + 12. Let v be b(11). Let r be q(v). Let p be 365 + r + 4 + 0. What is the highest common factor of 45 and p?
45
Let w = 879 - -14121. What is the highest common factor of 6 and w?
6
Suppose 0 = -18*n + 10075 + 1589. Calculate the highest common factor of n and 342.
18
Let v(o) = o**3 + 23*o**2 - 58*o + 140. Let u be v(-12). What is the highest common factor of u and 280?
20
Let p = 157 + -156. Let k be (-6 - -16)*(9 + p). Calculate the greatest common divisor of 40 and k.
20
Suppose 7 + 5 = 3*n. Suppose 0 = -n*f - 39 - 5. Let u = f - -22. Calculate the greatest common factor of 121 and u.
11
Let c = 201 + -143. Suppose -2*s - 2*q + c = 2*q, 5*s - 129 = -2*q. Let n be 2*8/2 - (38 + -35). Calculate the highest common factor of n and s.
5
Let j = -5695 - -7854. What is the greatest common divisor of j and 1143?
127
Suppose -102*s + 288 = -70*s. Suppose 8*u + 4*u = 144. What is the highest common divisor of u and s?
3
Let c(t) = -615*t + 3153. Let n be c(4). Calculate the highest common factor of n and 627.
33
Let d be (-1)/(3/(-54)) - 0. Let u be 1083/8 + d/(-48). Let k = 40 + -25. Calculate the highest common divisor of k and u.
15
Suppose -19 = -2*x - 5. Suppose 11*h = -x*h + 1098. Let s = h + -3. What is the highest common factor of s and 116?
58
Let n be (-96)/(-1 + -2 - -2). Let d = -152 + 150. Let k(l) = -4*l**3 - 4*l**2 - 4*l. Let o be k(d). Calculate the highest common factor of n and o.
24
Let j = 32 + 43. Suppose -77*u + 2 = -j*u. Let n = 14 + u. What is the greatest common factor of n and 20?
5
Let m(k) = k**3 + 27*k**2 + 141*k + 25. Let j be m(-7). Let q(a) = -226*a - 2. Let w be q(-2). What is the greatest common divisor of j and w?
18
Let o = -47062 - -47122. Let y = 53 - 23. Calculate the greatest common factor of y and o.
30
Suppose 3*x - 131 = 5*l, 34*x + 206 = 39*x + 4*l. Calculate the highest common divisor of x and 1743.
21
Let q = 25 - 25. Let w be -7 + (q/(-1) - -4). Let i be -2*15/20*40/w. Calculate the greatest common factor of 220 and i.
20
Let y(j) = -11*j - 2. Let c be y(2). Let i = c + 23. Let u be (20 + -82)*(14/4)/i. Calculate the highest common factor of 31 and u.
31
Let m = 31833 + -107. What is the greatest common factor of m and 58?
58
Let a(t) = -t*